mainder when 79 is divided by d?
19
Let a(c) = -2*c**3 + 7*c**2 + 4*c - 6. What is the remainder when a(-4) is divided by 28?
22
Suppose -9*o + 149 = -76. Calculate the remainder when 93 is divided by o.
18
Calculate the remainder when (-37 - -5)*(-1 - 1) is divided by 35.
29
Let y(u) = u**3 + 9*u**2 + u + 30. Calculate the remainder when 142 is divided by y(-9).
16
Suppose v + 5*f + 3 = 2*v, f = 3. Calculate the remainder when 94 is divided by v.
4
Let q(x) = 2*x + 19. Suppose s - 3*s = 2*t - 2, -3*s = 4*t - 3. What is the remainder when 37 is divided by q(t)?
18
Calculate the remainder when 565 is divided by -3 + -11*(-48)/8.
61
Let d = -8 + 15. Suppose 4*u = 2*k, 0 = u + k - 5*k. Suppose 6*q - 8*q + 50 = u. Calculate the remainder when q is divided by d.
4
Suppose -2*d + 73 = -4*g + 9*g, g - 5 = 0. Calculate the remainder when 47 is divided by d.
23
Let u(b) = -b + 3 - 5*b + 4*b**2 - 5*b**2 + 2*b**2. What is the remainder when u(7) is divided by (-3 - -1)/(3/(-9))?
4
Suppose 0 = 4*k - 12, -169 = -18*w + 16*w + k. What is the remainder when 262 is divided by w?
4
Suppose 23*y - 19*y = x + 19, 0 = 4*y + 4*x - 44. Suppose 6 = 4*j - j. What is the remainder when y is divided by j?
0
Suppose 2*m = 13 + 3. Suppose 52 - 10 = 2*f + 3*k, 4*k + 16 = 0. Calculate the remainder when f - 4/(20/(-15)) is divided by m.
6
Suppose 311 = 5*x - q, -9*q + 10*q - 67 = -x. Calculate the remainder when 3211 is divided by x.
61
Suppose k - 6*k = -x - 1068, -5*x = 3*k - 624. What is the remainder when k is divided by 49?
17
Let u(r) = r**3 + 4*r**2 + 4*r + 7. What is the remainder when 60 is divided by u(-2)?
4
Let k = 108 - 249. Let v = k + 142. Calculate the remainder when 5 is divided by v.
0
Let x(n) = 2*n + 25. Let w be x(-9). Suppose 0 = 3*t - w*t + 48. What is the remainder when t is divided by 7?
5
What is the remainder when 16/(-168) + ((-396235)/147)/(-5) is divided by 53?
9
Suppose 5*m = 16 + 39. Let s = 10 + m. Calculate the remainder when 165 is divided by s.
18
Suppose 0 = 4*a + i + 356, -5*i + 122 + 56 = -2*a. Let s = a - -143. Let q(b) = -5*b + 4. Calculate the remainder when s is divided by q(-5).
25
Let m(t) = -11*t + 4. Let k(j) = 3*j - 3. Let l be k(-2). What is the remainder when m(l) is divided by 21?
19
Suppose 3*n = -7*g + 3*g + 185, 0 = g + 3*n - 35. Calculate the remainder when 185 is divided by g.
35
Calculate the remainder when 14310/75 - (-1)/5 is divided by 65.
61
Suppose -3*q = -158 - 211. Calculate the remainder when q is divided by 23.
8
Suppose 155 = -10*b + 15*b. Let g = b - -6. Calculate the remainder when g is divided by 13.
11
Let h = 833 + -821. Let j = 81 - 35. Calculate the remainder when j is divided by h.
10
What is the remainder when 31 is divided by (1 + 4/(-20))/(5/75)?
7
What is the remainder when 5 - ((-30)/150 - (-604)/(-5)) is divided by 19?
12
Suppose 2*b - 224 = 356. Suppose -2*g - 4*q + 134 = 0, -3*q + 8*q = 5*g - b. What is the remainder when g is divided by 16?
13
Suppose 0 = -7*o + 5*o + 58. What is the remainder when 229 is divided by o?
26
Let z = -236 - -245. Let r(w) be the third derivative of w**6/120 + w**5/6 - w**4/12 + 13*w**3/6 - 2*w**2. What is the remainder when r(-10) is divided by z?
6
Let z = -12 - -29. Let l = -13 + 45. What is the remainder when l is divided by z?
15
Suppose 4*r - 127 = -5*d, 4*d - 89 = -2*r + 3*r. What is the remainder when 59 is divided by d?
13
Let m(j) = -3*j**3 - j**2 + j - 2. Suppose 4*s + s = 235. Calculate the remainder when s is divided by m(-2).
15
Let o(c) = -c**3 - 7*c**2 + 16*c + 16. Calculate the remainder when 126 is divided by o(-9).
24
Let t = 0 + 2. Let v be 2/(-3) + (-8)/24. Let k = v + 5. What is the remainder when k is divided by t?
0
Suppose 0 = -2*x - 0*x - 76. Let f = x + 133. Calculate the remainder when f is divided by 25.
20
Suppose 782*a = 789*a - 273. Calculate the remainder when 61 is divided by a.
22
Suppose -5*m + 2*s - 46 + 209 = 0, -4*m + 144 = -5*s. What is the remainder when 274 is divided by m?
26
Suppose -6*r + r + 155 = 0. Calculate the remainder when r is divided by (-2024)/(-160) + (-6)/15 + (-40)/32.
9
Suppose -3*k = 32 - 140. Suppose -5*y - 5*z = -80, 2*y - z - k = -y. Suppose l = y + 2. What is the remainder when 44 is divided by l?
14
Let t(p) = -14*p**2 + 127*p - 1. Let l(i) = -i**3 - i + 14. Calculate the remainder when l(0) is divided by t(9).
6
Let a(x) be the first derivative of -x**4/4 - 16*x**3/3 + 8*x**2 - 23*x - 2. Let r be a(-17). What is the remainder when -3 + r/(-3) - -47 is divided by 12?
10
Let m(y) = -y**2 + 17*y + 7. Calculate the remainder when 51 is divided by m(16).
5
Let p = 36 - -16. Suppose 2*x - p = -4*v + 5*x, 0 = 3*v + 2*x - 22. Calculate the remainder when v is divided by 4.
2
Suppose -11*y - 9*y + 4180 = 0. What is the remainder when y is divided by 30?
29
What is the remainder when 79 is divided by 1 - (-141)/11 - 10/(-55)?
9
Let n(c) = c**3 - 9*c**2 - 9*c + 3. Let m(y) = -10*y**3 - y - 1. Suppose 0 = 19*x - 16*x + 3. Let f be m(x). What is the remainder when n(f) is divided by 6?
1
Let o(v) = v**3 - 10*v**2 - 11*v + 16. Let p = 3 - 5. Calculate the remainder when p/(-4) + (-122)/(-4) is divided by o(11).
15
Let y be (-12)/(24/(-6))*2/(-3). Let t(x) = 15*x**2 + 7*x + 3. Calculate the remainder when t(y) is divided by 26.
23
Let q(f) = -f**2 + 31*f - 83. Calculate the remainder when q(15) is divided by 21.
10
Let b = -191 + 209. What is the remainder when 62 is divided by b?
8
Suppose 5*o + 4*t = -6, -2*o - 24 = -6*o + 4*t. Suppose 3*y = 15, -v + o*y + 3*y = 17. Calculate the remainder when v is divided by 7.
1
Suppose -3*y + 2*r + 1614 = 4*r, 2*y = -5*r + 1065. Suppose i + 5*i = y. Calculate the remainder when i is divided by 19.
14
Suppose p + 3*j = 10, 5*p + 9*j - 30 = 4*j. Let c be (-9)/(-2*2/p). Let g = -2 + c. What is the remainder when g is divided by 4?
3
Let g = -213 + 241. What is the remainder when 52 is divided by g?
24
Let u(i) = -i**3 + 7*i**2 - 10*i + 32. Calculate the remainder when 35 is divided by u(6).
3
Let t = 129 + -8. What is the remainder when t is divided by 42?
37
Let q = 145 + -131. What is the remainder when 27 is divided by q?
13
Suppose -2*g - 129 = -231. Calculate the remainder when 152 is divided by g.
50
Suppose -t - 5*x + 128 = 0, -2*t + 6*t = 2*x + 622. Calculate the remainder when t is divided by 31.
29
Suppose 10*w + 100 + 840 = 0. Calculate the remainder when 41 is divided by (-9)/12 + w/(-8).
8
Suppose 0 = 4*j + 8, -3*s + j = -4*j + 2. Calculate the remainder when 31 is divided by 4/(8/26) + s.
4
Let q(n) = -10*n - 11. Let a(o) = -4*o. Let m be a(2). What is the remainder when q(m) is divided by 14?
13
Suppose -4*k + z = 5*z - 36, 48 = 4*k - 2*z. Calculate the remainder when 228 is divided by k.
8
Let q(f) = -2*f**3 + 26*f**2 + 6*f - 11. Calculate the remainder when q(12) is divided by 88.
85
Let l = -366 - -179. Calculate the remainder when 60 is divided by l/(-6) + 11/(-66).
29
Let k = -7 + 119. What is the remainder when k is divided by 20 + 196/14 + -5?
25
Let f(q) = q**3 - 22*q**2 + 63*q - 49. What is the remainder when 270 is divided by f(19)?
10
Suppose -4 = -4*y - 0. What is the remainder when y is divided by (4 - -4)*(-2)/4 - -5?
0
Let j(a) = -2*a**2 + 3 - 3 - a - a + 2. Let v be j(3). Let m = v - -30. What is the remainder when 37 is divided by m?
5
Let h be (4/(-6))/(14/(-147)). Suppose h*n - 2*n - 167 = -4*y, -4*y = n - 43. Calculate the remainder when 56 is divided by n.
25
Let l = 203 - 20. Calculate the remainder when l is divided by 23.
22
Suppose 4*t - 540 = -4*c, 32*t - 395 = -3*c + 27*t. Calculate the remainder when c is divided by 29.
24
Suppose 0 = 39*i - 47*i + 2080. Calculate the remainder when i is divided by 73.
41
Let v(l) = l**2 + 5*l - 3. Suppose 0 = 4*b - 4*r - 48, 0*r - 3 = r. What is the remainder when v(4) is divided by 37/3 - 3/b?
9
Suppose 0 = -g - 35 + 97. Calculate the remainder when 121 is divided by g.
59
Suppose 0 = 3*r + p - 30, -49*r - 50 = -54*r - 2*p. Let z(s) = -7*s + 3. Calculate the remainder when z(-6) is divided by r.
5
Suppose -5*r + 69 = -7*m + 9*m, -4*r = -5*m - 75. Calculate the remainder when r is divided by 3.
0
Let k = 31 + -11. Let p be k/(-3)*165/(-44). What is the remainder when (-4)/10 + 360/p is divided 